{"id":4002,"date":"2024-08-04T18:17:49","date_gmt":"2024-08-04T21:17:49","guid":{"rendered":"https:\/\/escsanvicentedepaul.cl\/?page_id=4002"},"modified":"2026-04-01T16:50:47","modified_gmt":"2026-04-01T19:50:47","slug":"psicosocial","status":"publish","type":"page","link":"https:\/\/escsanvicentedepaul.cl\/?page_id=4002","title":{"rendered":"Psicosocial"},"content":{"rendered":"<div class=\"wpb-content-wrapper\"><p>[vc_row css=&#8221;.vc_custom_1721434304381{margin-right: 60px !important;}&#8221;][vc_column width=&#8221;1\/3&#8243; css=&#8221;.vc_custom_1728829217204{margin-top: 40px !important;}&#8221; offset=&#8221;vc_hidden-md vc_hidden-sm vc_hidden-xs&#8221;][vc_single_image image=&#8221;6714&#8243; img_size=&#8221;large&#8221; alignment=&#8221;center&#8221;][vc_column_text css=&#8221;.vc_custom_1722802418533{margin-top: -100px !important;}&#8221;]<img loading=\"lazy\" decoding=\"async\" class=\"aligncenter wp-image-4321 size-large\" src=\"https:\/\/escsanvicentedepaul.cl\/wp-content\/uploads\/2024\/08\/Etiqueta-Cordinadora-de-Equipo-Psicocial-1024x682.png\" alt=\"\" width=\"1024\" height=\"682\" srcset=\"https:\/\/escsanvicentedepaul.cl\/wp-content\/uploads\/2024\/08\/Etiqueta-Cordinadora-de-Equipo-Psicocial-1024x682.png 1024w, https:\/\/escsanvicentedepaul.cl\/wp-content\/uploads\/2024\/08\/Etiqueta-Cordinadora-de-Equipo-Psicocial-300x200.png 300w, https:\/\/escsanvicentedepaul.cl\/wp-content\/uploads\/2024\/08\/Etiqueta-Cordinadora-de-Equipo-Psicocial-768x512.png 768w, https:\/\/escsanvicentedepaul.cl\/wp-content\/uploads\/2024\/08\/Etiqueta-Cordinadora-de-Equipo-Psicocial-1536x1024.png 1536w, https:\/\/escsanvicentedepaul.cl\/wp-content\/uploads\/2024\/08\/Etiqueta-Cordinadora-de-Equipo-Psicocial-600x400.png 600w, https:\/\/escsanvicentedepaul.cl\/wp-content\/uploads\/2024\/08\/Etiqueta-Cordinadora-de-Equipo-Psicocial.png 1772w\" sizes=\"auto, (max-width: 1024px) 100vw, 1024px\" \/>[\/vc_column_text][\/vc_column][vc_column width=&#8221;2\/3&#8243; css=&#8221;.vc_custom_1728829230135{margin-top: 40px !important;margin-left: 60px !important;}&#8221; offset=&#8221;vc_hidden-md vc_hidden-sm vc_hidden-xs&#8221;][vc_empty_space][vc_column_text]<\/p>\n<p style=\"text-align: justify;\"><span style=\"font-family: verdana, geneva, sans-serif;\"><strong>Objetivo del Equipo Psicosocial:<\/strong><\/span><\/p>\n<p style=\"text-align: justify;\"><span style=\"font-family: verdana, geneva, sans-serif;\">Fortalecer el crecimiento y desarrollo personal de cada uno\/a de los\/las alumnos\/as en sus diversos \u00e1mbitos (emocional, Psicol\u00f3gico, educacional, social y espiritual) a trav\u00e9s del trabajo con los propios ni\u00f1os (as), adolescentes, sus familias y docentes.<\/span><\/p>\n<p style=\"text-align: justify;\"><span style=\"font-family: verdana, geneva, sans-serif;\"><strong>Funciones destacadas.<\/strong><\/span><\/p>\n<ul>\n<li style=\"text-align: justify;\"><span style=\"font-family: verdana, geneva, sans-serif;\">Asesor\u00eda y acompa\u00f1amiento a docentes para el trabajo en el aula.<\/span><\/li>\n<li style=\"text-align: justify;\"><span style=\"font-family: verdana, geneva, sans-serif;\">Reuniones peri\u00f3dicas con el equipo psicosocial.<\/span><\/li>\n<li style=\"text-align: justify;\"><span style=\"font-family: verdana, geneva, sans-serif;\">Brindar apoyo y orientaci\u00f3n en caso de que necesiten ayuda de la dupla psicosocial a estudiantes, padres y apoderados que lo requieran.<\/span><\/li>\n<li style=\"text-align: justify;\"><span style=\"font-family: verdana, geneva, sans-serif;\">Entrevistas individuales y grupales a los estudiantes por parte del equipo de Orientaci\u00f3n.<\/span><\/li>\n<li style=\"text-align: justify;\"><span style=\"font-family: verdana, geneva, sans-serif;\">Coordinaciones entre las \u00e1reas de Convivencia Escolar y Orientaci\u00f3n.<\/span><\/li>\n<li style=\"text-align: justify;\"><span style=\"font-family: verdana, geneva, sans-serif;\">Revisi\u00f3n de los Contenidos de las clases de Orientaci\u00f3n de 1\u00b0 a 8\u00b0 b\u00e1sico.<\/span><\/li>\n<li style=\"text-align: justify;\"><span style=\"font-family: verdana, geneva, sans-serif;\">Plan de Sexualidad Afectividad y G\u00e9nero ejecutado por el equipo de Orientaci\u00f3n.<\/span><\/li>\n<li style=\"text-align: justify;\"><span style=\"font-family: verdana, geneva, sans-serif;\">Talleres para Padres y Apoderados por\u00a0parte del Equipo de Orientaci\u00f3n.<\/span><\/li>\n<li style=\"text-align: justify;\"><span style=\"font-family: verdana, geneva, sans-serif;\">Atenciones personalizadas a estudiantes y apoderados.<\/span><\/li>\n<li style=\"text-align: justify;\"><span style=\"font-family: verdana, geneva, sans-serif;\">Coordinaci\u00f3n con los docentes, Educadores o Profesionales de apoyo.<\/span><\/li>\n<\/ul>\n<p>[\/vc_column_text][vc_empty_space][\/vc_column][\/vc_row][vc_row css=&#8221;.vc_custom_1721434304381{margin-right: 60px !important;}&#8221;][vc_column width=&#8221;1\/3&#8243; css=&#8221;.vc_custom_1728829278487{margin-top: 40px !important;margin-left: 40px !important;}&#8221; offset=&#8221;vc_hidden-lg&#8221;][vc_single_image image=&#8221;6714&#8243; img_size=&#8221;large&#8221; alignment=&#8221;center&#8221;][vc_column_text css=&#8221;.vc_custom_1722802418533{margin-top: -100px !important;}&#8221;]<img loading=\"lazy\" decoding=\"async\" class=\"aligncenter wp-image-4321 size-large\" src=\"https:\/\/escsanvicentedepaul.cl\/wp-content\/uploads\/2024\/08\/Etiqueta-Cordinadora-de-Equipo-Psicocial-1024x682.png\" alt=\"\" width=\"1024\" height=\"682\" srcset=\"https:\/\/escsanvicentedepaul.cl\/wp-content\/uploads\/2024\/08\/Etiqueta-Cordinadora-de-Equipo-Psicocial-1024x682.png 1024w, https:\/\/escsanvicentedepaul.cl\/wp-content\/uploads\/2024\/08\/Etiqueta-Cordinadora-de-Equipo-Psicocial-300x200.png 300w, https:\/\/escsanvicentedepaul.cl\/wp-content\/uploads\/2024\/08\/Etiqueta-Cordinadora-de-Equipo-Psicocial-768x512.png 768w, https:\/\/escsanvicentedepaul.cl\/wp-content\/uploads\/2024\/08\/Etiqueta-Cordinadora-de-Equipo-Psicocial-1536x1024.png 1536w, https:\/\/escsanvicentedepaul.cl\/wp-content\/uploads\/2024\/08\/Etiqueta-Cordinadora-de-Equipo-Psicocial-600x400.png 600w, https:\/\/escsanvicentedepaul.cl\/wp-content\/uploads\/2024\/08\/Etiqueta-Cordinadora-de-Equipo-Psicocial.png 1772w\" sizes=\"auto, (max-width: 1024px) 100vw, 1024px\" \/>[\/vc_column_text][\/vc_column][vc_column width=&#8221;2\/3&#8243; css=&#8221;.vc_custom_1728829295341{margin-left: 40px !important;}&#8221; offset=&#8221;vc_hidden-lg&#8221;][vc_empty_space][vc_column_text]<\/p>\n<p style=\"text-align: justify;\"><span style=\"font-family: verdana, geneva, sans-serif;\"><strong>Objetivo del Equipo Psicosocial:<\/strong><\/span><\/p>\n<p style=\"text-align: justify;\"><span style=\"font-family: verdana, geneva, sans-serif;\">Fortalecer el crecimiento y desarrollo personal de cada uno\/a de los\/las alumnos\/as en sus diversos \u00e1mbitos (emocional, Psicol\u00f3gico, educacional, social y espiritual) a trav\u00e9s del trabajo con los propios ni\u00f1os (as), adolescentes, sus familias y docentes.<\/span><\/p>\n<p style=\"text-align: justify;\"><span style=\"font-family: verdana, geneva, sans-serif;\"><strong>Funciones destacadas.<\/strong><\/span><\/p>\n<ul>\n<li style=\"text-align: justify;\"><span style=\"font-family: verdana, geneva, sans-serif;\">Asesor\u00eda y acompa\u00f1amiento a docentes para el trabajo en el aula.<\/span><\/li>\n<li style=\"text-align: justify;\"><span style=\"font-family: verdana, geneva, sans-serif;\">Reuniones peri\u00f3dicas con el equipo psicosocial.<\/span><\/li>\n<li style=\"text-align: justify;\"><span style=\"font-family: verdana, geneva, sans-serif;\">Brindar apoyo y orientaci\u00f3n en caso de que necesiten ayuda de la dupla psicosocial a estudiantes, padres y apoderados que lo requieran.<\/span><\/li>\n<li style=\"text-align: justify;\"><span style=\"font-family: verdana, geneva, sans-serif;\">Entrevistas individuales y grupales a los estudiantes por parte del equipo de Orientaci\u00f3n.<\/span><\/li>\n<li style=\"text-align: justify;\"><span style=\"font-family: verdana, geneva, sans-serif;\">Coordinaciones entre las \u00e1reas de Convivencia Escolar y Orientaci\u00f3n.<\/span><\/li>\n<li style=\"text-align: justify;\"><span style=\"font-family: verdana, geneva, sans-serif;\">Revisi\u00f3n de los Contenidos de las clases de Orientaci\u00f3n de 1\u00b0 a 8\u00b0 b\u00e1sico.<\/span><\/li>\n<li style=\"text-align: justify;\"><span style=\"font-family: verdana, geneva, sans-serif;\">Plan de Sexualidad Afectividad y G\u00e9nero ejecutado por el equipo de Orientaci\u00f3n.<\/span><\/li>\n<li style=\"text-align: justify;\"><span style=\"font-family: verdana, geneva, sans-serif;\">Talleres para Padres y Apoderados por\u00a0parte del Equipo de Orientaci\u00f3n.<\/span><\/li>\n<li style=\"text-align: justify;\"><span style=\"font-family: verdana, geneva, sans-serif;\">Atenciones personalizadas a estudiantes y apoderados.<\/span><\/li>\n<li style=\"text-align: justify;\"><span style=\"font-family: verdana, geneva, sans-serif;\">Coordinaci\u00f3n con los docentes, Educadores o Profesionales de apoyo.<\/span><\/li>\n<\/ul>\n<p>[\/vc_column_text][vc_empty_space][\/vc_column][\/vc_row][vc_row][vc_column][vc_separator color=&#8221;green&#8221;][vc_empty_space][\/vc_column][\/vc_row][vc_row][vc_column][vc_column_text]<\/p>\n<p style=\"text-align: center;\"><span style=\"font-family: verdana, geneva, sans-serif; font-size: 18pt;\"><strong>Equipo de Psicosocial<\/strong><\/span><\/p>\n<p>[\/vc_column_text][vc_empty_space][\/vc_column][\/vc_row][vc_row][vc_column width=&#8221;1\/3&#8243;][\/vc_column][vc_column width=&#8221;1\/3&#8243;][vc_hoverbox image=&#8221;5785&#8243; primary_title=&#8221;&#8221; hover_title=&#8221;Marily Neyra&#8221; hover_background_color=&#8221;chino&#8221; el_width=&#8221;70&#8243; css=&#8221;.vc_custom_1730471499412{padding-right: -60px !important;padding-left: -60px !important;}&#8221;]<\/p>\n<p style=\"text-align: center;\"><span style=\"color: #ffffff;\"><strong>ORIENTADORA<\/strong><\/span><\/p>\n<p>[\/vc_hoverbox][\/vc_column][vc_column width=&#8221;1\/3&#8243;][\/vc_column][\/vc_row][vc_row][vc_column][vc_empty_space][vc_empty_space][\/vc_column][\/vc_row][vc_row][vc_column][vc_empty_space][vc_empty_space][\/vc_column][\/vc_row][vc_row][vc_column width=&#8221;1\/2&#8243; offset=&#8221;vc_hidden-md vc_hidden-sm vc_hidden-xs&#8221;][vc_hoverbox image=&#8221;6716&#8243; primary_title=&#8221;&#8221; hover_title=&#8221;Mar\u00eda Paz Escobar&#8221; hover_background_color=&#8221;chino&#8221; el_width=&#8221;90&#8243; css=&#8221;.vc_custom_1775040978397{margin-right: 145px !important;margin-left: 145px !important;}&#8221;]<\/p>\n<p style=\"text-align: center;\"><span style=\"font-size: 18pt; color: #ffffff;\"><strong><span style=\"font-family: verdana, geneva, sans-serif;\">Psic\u00f3loga <\/span><\/strong><\/span><\/p>\n<p style=\"text-align: center;\"><span style=\"font-size: 18pt; color: #ffffff;\"><strong><span style=\"font-family: verdana, geneva, sans-serif;\">4\u00b0 a 8\u00b0 B\u00e1sico<\/span><\/strong><\/span><\/p>\n<p>[\/vc_hoverbox][\/vc_column][vc_column width=&#8221;1\/2&#8243; offset=&#8221;vc_hidden-md vc_hidden-sm vc_hidden-xs&#8221;][vc_hoverbox image=&#8221;6717&#8243; primary_title=&#8221;&#8221; hover_title=&#8221;Deydamia Abarca Olivares&#8221; hover_background_color=&#8221;chino&#8221; css=&#8221;.vc_custom_1775041050504{margin-right: 150px !important;margin-left: 150px !important;}&#8221;]<\/p>\n<p style=\"text-align: center;\"><span style=\"font-size: 18pt; color: #ffffff;\"><strong><span style=\"font-family: verdana, geneva, sans-serif;\">Trabajadora Social<\/span><\/strong><\/span><\/p>\n<p>[\/vc_hoverbox][\/vc_column][\/vc_row][vc_row][vc_column width=&#8221;1\/2&#8243; offset=&#8221;vc_hidden-lg&#8221;][vc_hoverbox image=&#8221;6716&#8243; primary_title=&#8221;&#8221; hover_title=&#8221;Mar\u00eda Paz Escobar&#8221; hover_background_color=&#8221;chino&#8221; el_width=&#8221;90&#8243; css=&#8221;.vc_custom_1742828203776{margin-right: 40px !important;margin-left: 40px !important;}&#8221;]<\/p>\n<p style=\"text-align: center;\"><span style=\"font-size: 18pt; color: #ffffff;\"><strong><span style=\"font-family: verdana, geneva, sans-serif;\">Psic\u00f3loga de 4\u00b0 a 8\u00b0 B\u00e1sico<\/span><\/strong><\/span><\/p>\n<p>[\/vc_hoverbox][\/vc_column][vc_column width=&#8221;1\/2&#8243; offset=&#8221;vc_hidden-lg&#8221;][vc_hoverbox image=&#8221;6717&#8243; primary_title=&#8221;&#8221; hover_title=&#8221;Deydamia Abarca Olivares&#8221; hover_background_color=&#8221;chino&#8221; css=&#8221;.vc_custom_1742828228976{margin-right: 50px !important;margin-left: 50px !important;}&#8221;]<\/p>\n<p style=\"text-align: center;\"><span style=\"font-size: 18pt; color: #ffffff;\"><strong><span style=\"font-family: verdana, geneva, sans-serif;\">Trabajadora Social<\/span><\/strong><\/span><\/p>\n<p>[\/vc_hoverbox][\/vc_column][\/vc_row][vc_row][vc_column][vc_empty_space][vc_empty_space][\/vc_column][\/vc_row][vc_row][vc_column][vc_empty_space][\/vc_column][\/vc_row]<\/p>\n<\/div>","protected":false},"excerpt":{"rendered":"<p>[vc_row css=&#8221;.vc_custom_1721434304381{margin-right: 60px !important;}&#8221;][vc_column width=&#8221;1\/3&#8243; css=&#8221;.vc_custom_1728829217204{margin-top: 40px !important;}&#8221; offset=&#8221;vc_hidden-md vc_hidden-sm vc_hidden-xs&#8221;][vc_single_image image=&#8221;6714&#8243; img_size=&#8221;large&#8221; alignment=&#8221;center&#8221;][vc_column_text css=&#8221;.vc_custom_1722802418533{margin-top: -100px !important;}&#8221;][\/vc_column_text][\/vc_column][vc_column width=&#8221;2\/3&#8243; css=&#8221;.vc_custom_1728829230135{margin-top: 40px !important;margin-left: 60px !important;}&#8221; offset=&#8221;vc_hidden-md vc_hidden-sm vc_hidden-xs&#8221;][vc_empty_space][vc_column_text] Objetivo del Equipo Psicosocial: Fortalecer el crecimiento y desarrollo personal de cada uno\/a de los\/las alumnos\/as en sus diversos \u00e1mbitos (emocional, Psicol\u00f3gico, educacional, social y espiritual) a trav\u00e9s del [&hellip;]<\/p>\n","protected":false},"author":1,"featured_media":0,"parent":0,"menu_order":0,"comment_status":"closed","ping_status":"closed","template":"","meta":{"footnotes":""},"class_list":["post-4002","page","type-page","status-publish","hentry"],"_links":{"self":[{"href":"https:\/\/escsanvicentedepaul.cl\/index.php?rest_route=\/wp\/v2\/pages\/4002","targetHints":{"allow":["GET"]}}],"collection":[{"href":"https:\/\/escsanvicentedepaul.cl\/index.php?rest_route=\/wp\/v2\/pages"}],"about":[{"href":"https:\/\/escsanvicentedepaul.cl\/index.php?rest_route=\/wp\/v2\/types\/page"}],"author":[{"embeddable":true,"href":"https:\/\/escsanvicentedepaul.cl\/index.php?rest_route=\/wp\/v2\/users\/1"}],"replies":[{"embeddable":true,"href":"https:\/\/escsanvicentedepaul.cl\/index.php?rest_route=%2Fwp%2Fv2%2Fcomments&post=4002"}],"version-history":[{"count":6,"href":"https:\/\/escsanvicentedepaul.cl\/index.php?rest_route=\/wp\/v2\/pages\/4002\/revisions"}],"predecessor-version":[{"id":8104,"href":"https:\/\/escsanvicentedepaul.cl\/index.php?rest_route=\/wp\/v2\/pages\/4002\/revisions\/8104"}],"wp:attachment":[{"href":"https:\/\/escsanvicentedepaul.cl\/index.php?rest_route=%2Fwp%2Fv2%2Fmedia&parent=4002"}],"curies":[{"name":"wp","href":"https:\/\/api.w.org\/{rel}","templated":true}]}}