{"id":3964,"date":"2024-07-20T19:19:20","date_gmt":"2024-07-20T22:19:20","guid":{"rendered":"https:\/\/escsanvicentedepaul.cl\/?page_id=3964"},"modified":"2024-11-15T19:26:45","modified_gmt":"2024-11-15T22:26:45","slug":"pastoral","status":"publish","type":"page","link":"https:\/\/escsanvicentedepaul.cl\/?page_id=3964","title":{"rendered":"Pastoral"},"content":{"rendered":"<div class=\"wpb-content-wrapper\"><p>[vc_row css=&#8221;.vc_custom_1721513688466{margin-right: 60px !important;margin-bottom: -20px !important;}&#8221;][vc_column width=&#8221;1\/3&#8243; css=&#8221;.vc_custom_1731708583161{margin-top: 40px !important;}&#8221; offset=&#8221;vc_hidden-md vc_hidden-sm vc_hidden-xs&#8221;][vc_empty_space][vc_single_image image=&#8221;4376&#8243; img_size=&#8221;large&#8221; alignment=&#8221;center&#8221; css=&#8221;.vc_custom_1726777829047{margin-left: 20px !important;}&#8221;][vc_column_text css=&#8221;.vc_custom_1721513898385{margin-top: -100px !important;}&#8221;]<img loading=\"lazy\" decoding=\"async\" class=\"aligncenter wp-image-3974 size-large\" src=\"https:\/\/escsanvicentedepaul.cl\/wp-content\/uploads\/2024\/07\/Etiqueta-Nombre-Coordinadores-de-Equipo-o-Area-SVP-1-e1721513889426-1024x461.png\" alt=\"\" width=\"1024\" height=\"461\" \/>[\/vc_column_text][\/vc_column][vc_column width=&#8221;2\/3&#8243; css=&#8221;.vc_custom_1731708603886{margin-top: 40px !important;margin-left: 60px !important;}&#8221; offset=&#8221;vc_hidden-md vc_hidden-sm vc_hidden-xs&#8221;][vc_empty_space][vc_column_text]<\/p>\n<p style=\"text-align: justify;\"><span style=\"font-family: verdana, geneva, sans-serif;\">Somos una comunidad educativa seguidora de Jesucristo, seg\u00fan el carisma de San Vicente de Pa\u00fal y de Santa Luisa de Marillac, formadora de personas integras y renovadoras, con una opci\u00f3n preferencial por los m\u00e1s vulnerables, en estrecho v\u00ednculo con sus familias, desde una pedagog\u00eda de la audacia de la caridad afectiva y efectiva, potenciando las competencias para discernir y denunciar las causas de la pobreza y promover as\u00ed cambios sist\u00e9micos. Hacia una sociedad m\u00e1s justa y equitativa.\u00a0<\/span><\/p>\n<p style=\"text-align: justify;\"><span style=\"font-family: verdana, geneva, sans-serif;\">Nuestro objetivo es brindar una formaci\u00f3n integral, fundamentada en los valores humanos, cristianos y vicentinos, con acciones evangelizadoras y solidarias a nivel de todos los estamentos, para propiciar el encuentro con la persona de Jesucristo, en forma personal y comunitaria de todos los miembros de la Comunidad Educativa.\u00a0\u00a0<\/span><\/p>\n<p>[\/vc_column_text][vc_btn title=&#8221;Conoce m\u00e1s&#8221; style=&#8221;3d&#8221; color=&#8221;blue&#8221; align=&#8221;left&#8221; link=&#8221;url:https%3A%2F%2Fescsanvicentedepaul.cl%2Fwp-content%2Fuploads%2F2024%2F08%2FRESENA-PASTORAL-2024.pdf|title:Rese%C3%B1a%20Pastoral&#8221;][\/vc_column][\/vc_row][vc_row css=&#8221;.vc_custom_1721513688466{margin-right: 60px !important;margin-bottom: -20px !important;}&#8221;][vc_column width=&#8221;1\/3&#8243; css=&#8221;.vc_custom_1731709005545{margin-top: 40px !important;margin-left: 40px !important;}&#8221; offset=&#8221;vc_hidden-lg&#8221;][vc_empty_space][vc_single_image image=&#8221;4376&#8243; img_size=&#8221;large&#8221; alignment=&#8221;center&#8221;][vc_column_text css=&#8221;.vc_custom_1731709403202{margin-top: -80px !important;}&#8221;]<img loading=\"lazy\" decoding=\"async\" class=\"aligncenter wp-image-3974 size-large\" src=\"https:\/\/escsanvicentedepaul.cl\/wp-content\/uploads\/2024\/07\/Etiqueta-Nombre-Coordinadores-de-Equipo-o-Area-SVP-1-e1721513889426-1024x461.png\" alt=\"\" width=\"1024\" height=\"461\" \/>[\/vc_column_text][\/vc_column][vc_column width=&#8221;2\/3&#8243; css=&#8221;.vc_custom_1731709327710{margin-top: 40px !important;margin-left: 40px !important;}&#8221; offset=&#8221;vc_hidden-lg&#8221;][vc_column_text]<\/p>\n<p style=\"text-align: justify;\"><span style=\"font-family: verdana, geneva, sans-serif;\">Somos una comunidad educativa seguidora de Jesucristo, seg\u00fan el carisma de San Vicente de Pa\u00fal y de Santa Luisa de Marillac, formadora de personas integras y renovadoras, con una opci\u00f3n preferencial por los m\u00e1s vulnerables, en estrecho v\u00ednculo con sus familias, desde una pedagog\u00eda de la audacia de la caridad afectiva y efectiva, potenciando las competencias para discernir y denunciar las causas de la pobreza y promover as\u00ed cambios sist\u00e9micos. Hacia una sociedad m\u00e1s justa y equitativa.\u00a0<\/span><\/p>\n<p style=\"text-align: justify;\"><span style=\"font-family: verdana, geneva, sans-serif;\">Nuestro objetivo es brindar una formaci\u00f3n integral, fundamentada en los valores humanos, cristianos y vicentinos, con acciones evangelizadoras y solidarias a nivel de todos los estamentos, para propiciar el encuentro con la persona de Jesucristo, en forma personal y comunitaria de todos los miembros de la Comunidad Educativa.\u00a0\u00a0<\/span><\/p>\n<p>[\/vc_column_text][vc_btn title=&#8221;Conoce m\u00e1s&#8221; style=&#8221;3d&#8221; color=&#8221;blue&#8221; align=&#8221;center&#8221; link=&#8221;url:https%3A%2F%2Fescsanvicentedepaul.cl%2Fwp-content%2Fuploads%2F2024%2F08%2FRESENA-PASTORAL-2024.pdf|title:Rese%C3%B1a%20Pastoral&#8221;][\/vc_column][\/vc_row][vc_row][vc_column][vc_empty_space][stm_separator separator_icon_library=&#8221;openiconic&#8221;][vc_column_text]<\/p>\n<p style=\"text-align: center;\"><strong><span style=\"font-family: verdana, geneva, sans-serif; font-size: 18pt;\">Equipo de Pastoral<\/span><\/strong><\/p>\n<p>[\/vc_column_text][\/vc_column][\/vc_row][vc_row][vc_column width=&#8221;1\/3&#8243; offset=&#8221;vc_hidden-md vc_hidden-sm vc_hidden-xs&#8221;][\/vc_column][vc_column width=&#8221;1\/3&#8243; offset=&#8221;vc_hidden-md vc_hidden-sm vc_hidden-xs&#8221;][vc_hoverbox image=&#8221;5172&#8243; primary_title=&#8221;&#8221; hover_title=&#8221;Patricia Campos&#8221; hover_background_color=&#8221;orange&#8221; el_width=&#8221;60&#8243; css=&#8221;.vc_custom_1731708059866{margin-right: -20px !important;margin-left: -20px !important;}&#8221;]<\/p>\n<p style=\"text-align: center;\"><span style=\"color: #ffffff;\">DOCENTE<\/span><\/p>\n<p>[\/vc_hoverbox][\/vc_column][vc_column width=&#8221;1\/3&#8243; offset=&#8221;vc_hidden-md vc_hidden-sm vc_hidden-xs&#8221;][\/vc_column][\/vc_row][vc_row][vc_column width=&#8221;1\/4&#8243; offset=&#8221;vc_hidden-lg&#8221;][\/vc_column][vc_column width=&#8221;1\/2&#8243; offset=&#8221;vc_hidden-lg&#8221;][vc_hoverbox image=&#8221;5172&#8243; primary_title=&#8221;&#8221; hover_title=&#8221;Patricia Campos&#8221; hover_background_color=&#8221;orange&#8221; el_width=&#8221;60&#8243; css=&#8221;.vc_custom_1731709483650{margin-right: -40px !important;margin-left: -40px !important;}&#8221;]<\/p>\n<p style=\"text-align: center;\"><span style=\"color: #ffffff;\">DOCENTE<\/span><\/p>\n<p>[\/vc_hoverbox][\/vc_column][vc_column width=&#8221;1\/4&#8243; offset=&#8221;vc_hidden-lg&#8221;][\/vc_column][\/vc_row][vc_row][vc_column][vc_empty_space][\/vc_column][\/vc_row]<\/p>\n<\/div>","protected":false},"excerpt":{"rendered":"<p>[vc_row css=&#8221;.vc_custom_1721513688466{margin-right: 60px !important;margin-bottom: -20px !important;}&#8221;][vc_column width=&#8221;1\/3&#8243; css=&#8221;.vc_custom_1731708583161{margin-top: 40px !important;}&#8221; offset=&#8221;vc_hidden-md vc_hidden-sm vc_hidden-xs&#8221;][vc_empty_space][vc_single_image image=&#8221;4376&#8243; img_size=&#8221;large&#8221; alignment=&#8221;center&#8221; css=&#8221;.vc_custom_1726777829047{margin-left: 20px !important;}&#8221;][vc_column_text css=&#8221;.vc_custom_1721513898385{margin-top: -100px !important;}&#8221;][\/vc_column_text][\/vc_column][vc_column width=&#8221;2\/3&#8243; css=&#8221;.vc_custom_1731708603886{margin-top: 40px !important;margin-left: 60px !important;}&#8221; offset=&#8221;vc_hidden-md vc_hidden-sm vc_hidden-xs&#8221;][vc_empty_space][vc_column_text] Somos una comunidad educativa seguidora de Jesucristo, seg\u00fan el carisma de San Vicente de Pa\u00fal y de Santa Luisa de Marillac, formadora de personas [&hellip;]<\/p>\n","protected":false},"author":1,"featured_media":0,"parent":0,"menu_order":0,"comment_status":"closed","ping_status":"closed","template":"","meta":{"footnotes":""},"class_list":["post-3964","page","type-page","status-publish","hentry"],"_links":{"self":[{"href":"https:\/\/escsanvicentedepaul.cl\/index.php?rest_route=\/wp\/v2\/pages\/3964","targetHints":{"allow":["GET"]}}],"collection":[{"href":"https:\/\/escsanvicentedepaul.cl\/index.php?rest_route=\/wp\/v2\/pages"}],"about":[{"href":"https:\/\/escsanvicentedepaul.cl\/index.php?rest_route=\/wp\/v2\/types\/page"}],"author":[{"embeddable":true,"href":"https:\/\/escsanvicentedepaul.cl\/index.php?rest_route=\/wp\/v2\/users\/1"}],"replies":[{"embeddable":true,"href":"https:\/\/escsanvicentedepaul.cl\/index.php?rest_route=%2Fwp%2Fv2%2Fcomments&post=3964"}],"version-history":[{"count":5,"href":"https:\/\/escsanvicentedepaul.cl\/index.php?rest_route=\/wp\/v2\/pages\/3964\/revisions"}],"predecessor-version":[{"id":6110,"href":"https:\/\/escsanvicentedepaul.cl\/index.php?rest_route=\/wp\/v2\/pages\/3964\/revisions\/6110"}],"wp:attachment":[{"href":"https:\/\/escsanvicentedepaul.cl\/index.php?rest_route=%2Fwp%2Fv2%2Fmedia&parent=3964"}],"curies":[{"name":"wp","href":"https:\/\/api.w.org\/{rel}","templated":true}]}}